{"id":20967,"date":"2024-10-10T14:34:36","date_gmt":"2024-10-10T14:34:36","guid":{"rendered":"https:\/\/deliladesign.com\/?post_type=product&#038;p=20967"},"modified":"2025-10-27T19:20:57","modified_gmt":"2025-10-27T19:20:57","slug":"kostum-sportiv","status":"publish","type":"product","link":"https:\/\/deliladesign.com\/index.php\/product\/kostum-sportiv\/","title":{"rendered":"Delila Motion Set"},"content":{"rendered":"","protected":false},"excerpt":{"rendered":"<p data-start=\"129\" data-end=\"348\">Ky set elegant dhe i rehatsh\u00ebm p\u00ebrb\u00ebhet nga nj\u00eb bluz\u00eb oversize dhe nj\u00eb fund t\u00eb harmonizuar me llastik tek beli \u2014 nj\u00eb kombinim q\u00eb sjell stilin dhe komoditetin n\u00eb nj\u00eb paket\u00eb t\u00eb vetme.<\/p>\n<ul data-start=\"350\" data-end=\"596\">\n<li data-start=\"350\" data-end=\"476\">\n<p data-start=\"352\" data-end=\"476\">Bluz\u00eb oversize: dizajni i saj i lirsh\u00ebm i lejon trupit t\u00eb \u201cmarr\u00eb frym\u00eb\u201d, duke krijuar nj\u00eb nuanc\u00eb moderne dhe t\u00eb relaksuar.<\/p>\n<\/li>\n<li data-start=\"477\" data-end=\"596\">\n<p data-start=\"479\" data-end=\"596\">Fundi me llastik tek beli ofron p\u00ebrshtatje t\u00eb leht\u00eb dhe komoditet gjat\u00eb dit\u00ebs, nd\u00ebrkoh\u00eb q\u00eb ruan form\u00ebn dhe eleganc\u00ebn.<\/p>\n<\/li>\n<\/ul>\n<p data-start=\"598\" data-end=\"922\">N\u00ebse d\u00ebshironi t\u00eb ndiheni mir\u00eb, t\u00eb l\u00ebvizni lirsh\u00ebm dhe t\u00eb dukeni rehatsh\u00ebm por gjithmon\u00eb me stil \u2014 ky kostum \u00ebsht\u00eb zgjedhje ideale. Kombinimi i elementeve sportive dhe eleganc\u00ebs s\u00eb thjesht\u00eb e b\u00ebn at\u00eb p\u00ebrshtatsh\u00ebm p\u00ebr dalje t\u00eb rralla, nj\u00eb kafe me shoqe ose dit\u00eb kur d\u00ebshironi t\u00eb dukeni \u201cput\u2010together\u201d pa p\u00ebrpjekje t\u00eb tepruar.<\/p>\n","protected":false},"featured_media":20971,"comment_status":"open","ping_status":"closed","template":"","meta":[],"product_brand":[],"product_cat":[15,143],"product_tag":[],"location":[],"class_list":{"0":"post-20967","1":"product","2":"type-product","3":"status-publish","4":"has-post-thumbnail","6":"product_cat-uncategorized","7":"product_cat-costumes","8":"ninetheme_product_brands-design-by-delilah","9":"nt-post-class","10":"","16":"first","17":"instock","18":"sale","19":"taxable","20":"shipping-taxable","21":"purchasable","22":"product-type-simple"},"yoast_head":"<!-- This site is optimized with the Yoast SEO plugin v26.2 - https:\/\/yoast.com\/wordpress\/plugins\/seo\/ -->\n<title>Delila Motion Set - Design by Delilah<\/title>\n<meta name=\"robots\" content=\"index, follow, max-snippet:-1, max-image-preview:large, max-video-preview:-1\" \/>\n<link rel=\"canonical\" href=\"https:\/\/deliladesign.com\/index.php\/product\/kostum-sportiv\/\" \/>\n<meta property=\"og:locale\" content=\"en_US\" \/>\n<meta property=\"og:type\" content=\"article\" \/>\n<meta property=\"og:title\" content=\"Delila Motion Set - Design by Delilah\" \/>\n<meta property=\"og:description\" content=\"Ky set elegant dhe i rehatsh\u00ebm p\u00ebrb\u00ebhet nga nj\u00eb bluz\u00eb oversize dhe nj\u00eb fund t\u00eb harmonizuar me llastik tek beli \u2014 nj\u00eb kombinim q\u00eb sjell stilin dhe komoditetin n\u00eb nj\u00eb paket\u00eb t\u00eb vetme.     Bluz\u00eb oversize: dizajni i saj i lirsh\u00ebm i lejon trupit t\u00eb \u201cmarr\u00eb frym\u00eb\u201d, duke krijuar nj\u00eb nuanc\u00eb moderne dhe t\u00eb relaksuar.    Fundi me llastik tek beli ofron p\u00ebrshtatje t\u00eb leht\u00eb dhe komoditet gjat\u00eb dit\u00ebs, nd\u00ebrkoh\u00eb q\u00eb ruan form\u00ebn dhe eleganc\u00ebn.   N\u00ebse d\u00ebshironi t\u00eb ndiheni mir\u00eb, t\u00eb l\u00ebvizni lirsh\u00ebm dhe t\u00eb dukeni rehatsh\u00ebm por gjithmon\u00eb me stil \u2014 ky kostum \u00ebsht\u00eb zgjedhje ideale. Kombinimi i elementeve sportive dhe eleganc\u00ebs s\u00eb thjesht\u00eb e b\u00ebn at\u00eb p\u00ebrshtatsh\u00ebm p\u00ebr dalje t\u00eb rralla, nj\u00eb kafe me shoqe ose dit\u00eb kur d\u00ebshironi t\u00eb dukeni \u201cput\u2010together\u201d pa p\u00ebrpjekje t\u00eb tepruar.\" \/>\n<meta property=\"og:url\" content=\"https:\/\/deliladesign.com\/index.php\/product\/kostum-sportiv\/\" \/>\n<meta property=\"og:site_name\" content=\"Design by Delilah\" \/>\n<meta property=\"article:modified_time\" content=\"2025-10-27T19:20:57+00:00\" \/>\n<meta property=\"og:image\" content=\"https:\/\/deliladesign.com\/wp-content\/uploads\/2024\/10\/IMG_3180.jpeg\" \/>\n\t<meta property=\"og:image:width\" content=\"1800\" \/>\n\t<meta property=\"og:image:height\" content=\"2400\" \/>\n\t<meta property=\"og:image:type\" content=\"image\/jpeg\" \/>\n<meta name=\"twitter:card\" content=\"summary_large_image\" \/>\n<meta name=\"twitter:label1\" content=\"Est. reading time\" \/>\n\t<meta name=\"twitter:data1\" content=\"1 minute\" \/>\n<script type=\"application\/ld+json\" class=\"yoast-schema-graph\">{\"@context\":\"https:\/\/schema.org\",\"@graph\":[{\"@type\":\"WebPage\",\"@id\":\"https:\/\/deliladesign.com\/index.php\/product\/kostum-sportiv\/\",\"url\":\"https:\/\/deliladesign.com\/index.php\/product\/kostum-sportiv\/\",\"name\":\"Delila Motion Set - Design by Delilah\",\"isPartOf\":{\"@id\":\"https:\/\/deliladesign.com\/#website\"},\"primaryImageOfPage\":{\"@id\":\"https:\/\/deliladesign.com\/index.php\/product\/kostum-sportiv\/#primaryimage\"},\"image\":{\"@id\":\"https:\/\/deliladesign.com\/index.php\/product\/kostum-sportiv\/#primaryimage\"},\"thumbnailUrl\":\"https:\/\/deliladesign.com\/wp-content\/uploads\/2024\/10\/IMG_3180.jpeg\",\"datePublished\":\"2024-10-10T14:34:36+00:00\",\"dateModified\":\"2025-10-27T19:20:57+00:00\",\"breadcrumb\":{\"@id\":\"https:\/\/deliladesign.com\/index.php\/product\/kostum-sportiv\/#breadcrumb\"},\"inLanguage\":\"en-US\",\"potentialAction\":[{\"@type\":\"ReadAction\",\"target\":[\"https:\/\/deliladesign.com\/index.php\/product\/kostum-sportiv\/\"]}]},{\"@type\":\"ImageObject\",\"inLanguage\":\"en-US\",\"@id\":\"https:\/\/deliladesign.com\/index.php\/product\/kostum-sportiv\/#primaryimage\",\"url\":\"https:\/\/deliladesign.com\/wp-content\/uploads\/2024\/10\/IMG_3180.jpeg\",\"contentUrl\":\"https:\/\/deliladesign.com\/wp-content\/uploads\/2024\/10\/IMG_3180.jpeg\",\"width\":1800,\"height\":2400},{\"@type\":\"BreadcrumbList\",\"@id\":\"https:\/\/deliladesign.com\/index.php\/product\/kostum-sportiv\/#breadcrumb\",\"itemListElement\":[{\"@type\":\"ListItem\",\"position\":1,\"name\":\"Home\",\"item\":\"https:\/\/deliladesign.com\/\"},{\"@type\":\"ListItem\",\"position\":2,\"name\":\"Shop\",\"item\":\"https:\/\/deliladesign.com\/index.php\/shop\/\"},{\"@type\":\"ListItem\",\"position\":3,\"name\":\"Delila Motion Set\"}]},{\"@type\":\"WebSite\",\"@id\":\"https:\/\/deliladesign.com\/#website\",\"url\":\"https:\/\/deliladesign.com\/\",\"name\":\"Delila Design\",\"description\":\"Your dreams come true with us\",\"publisher\":{\"@id\":\"https:\/\/deliladesign.com\/#organization\"},\"potentialAction\":[{\"@type\":\"SearchAction\",\"target\":{\"@type\":\"EntryPoint\",\"urlTemplate\":\"https:\/\/deliladesign.com\/?s={search_term_string}\"},\"query-input\":{\"@type\":\"PropertyValueSpecification\",\"valueRequired\":true,\"valueName\":\"search_term_string\"}}],\"inLanguage\":\"en-US\"},{\"@type\":\"Organization\",\"@id\":\"https:\/\/deliladesign.com\/#organization\",\"name\":\"Delila Design\",\"url\":\"https:\/\/deliladesign.com\/\",\"logo\":{\"@type\":\"ImageObject\",\"inLanguage\":\"en-US\",\"@id\":\"https:\/\/deliladesign.com\/#\/schema\/logo\/image\/\",\"url\":\"https:\/\/deliladesign.com\/wp-content\/uploads\/2024\/10\/logo-delila.jpg\",\"contentUrl\":\"https:\/\/deliladesign.com\/wp-content\/uploads\/2024\/10\/logo-delila.jpg\",\"width\":547,\"height\":675,\"caption\":\"Delila Design\"},\"image\":{\"@id\":\"https:\/\/deliladesign.com\/#\/schema\/logo\/image\/\"}}]}<\/script>\n<!-- \/ Yoast SEO plugin. -->","yoast_head_json":{"title":"Delila Motion Set - Design by Delilah","robots":{"index":"index","follow":"follow","max-snippet":"max-snippet:-1","max-image-preview":"max-image-preview:large","max-video-preview":"max-video-preview:-1"},"canonical":"https:\/\/deliladesign.com\/index.php\/product\/kostum-sportiv\/","og_locale":"en_US","og_type":"article","og_title":"Delila Motion Set - Design by Delilah","og_description":"Ky set elegant dhe i rehatsh\u00ebm p\u00ebrb\u00ebhet nga nj\u00eb bluz\u00eb oversize dhe nj\u00eb fund t\u00eb harmonizuar me llastik tek beli \u2014 nj\u00eb kombinim q\u00eb sjell stilin dhe komoditetin n\u00eb nj\u00eb paket\u00eb t\u00eb vetme.     Bluz\u00eb oversize: dizajni i saj i lirsh\u00ebm i lejon trupit t\u00eb \u201cmarr\u00eb frym\u00eb\u201d, duke krijuar nj\u00eb nuanc\u00eb moderne dhe t\u00eb relaksuar.    Fundi me llastik tek beli ofron p\u00ebrshtatje t\u00eb leht\u00eb dhe komoditet gjat\u00eb dit\u00ebs, nd\u00ebrkoh\u00eb q\u00eb ruan form\u00ebn dhe eleganc\u00ebn.   N\u00ebse d\u00ebshironi t\u00eb ndiheni mir\u00eb, t\u00eb l\u00ebvizni lirsh\u00ebm dhe t\u00eb dukeni rehatsh\u00ebm por gjithmon\u00eb me stil \u2014 ky kostum \u00ebsht\u00eb zgjedhje ideale. Kombinimi i elementeve sportive dhe eleganc\u00ebs s\u00eb thjesht\u00eb e b\u00ebn at\u00eb p\u00ebrshtatsh\u00ebm p\u00ebr dalje t\u00eb rralla, nj\u00eb kafe me shoqe ose dit\u00eb kur d\u00ebshironi t\u00eb dukeni \u201cput\u2010together\u201d pa p\u00ebrpjekje t\u00eb tepruar.","og_url":"https:\/\/deliladesign.com\/index.php\/product\/kostum-sportiv\/","og_site_name":"Design by Delilah","article_modified_time":"2025-10-27T19:20:57+00:00","og_image":[{"width":1800,"height":2400,"url":"https:\/\/deliladesign.com\/wp-content\/uploads\/2024\/10\/IMG_3180.jpeg","type":"image\/jpeg"}],"twitter_card":"summary_large_image","twitter_misc":{"Est. reading time":"1 minute"},"schema":{"@context":"https:\/\/schema.org","@graph":[{"@type":"WebPage","@id":"https:\/\/deliladesign.com\/index.php\/product\/kostum-sportiv\/","url":"https:\/\/deliladesign.com\/index.php\/product\/kostum-sportiv\/","name":"Delila Motion Set - Design by Delilah","isPartOf":{"@id":"https:\/\/deliladesign.com\/#website"},"primaryImageOfPage":{"@id":"https:\/\/deliladesign.com\/index.php\/product\/kostum-sportiv\/#primaryimage"},"image":{"@id":"https:\/\/deliladesign.com\/index.php\/product\/kostum-sportiv\/#primaryimage"},"thumbnailUrl":"https:\/\/deliladesign.com\/wp-content\/uploads\/2024\/10\/IMG_3180.jpeg","datePublished":"2024-10-10T14:34:36+00:00","dateModified":"2025-10-27T19:20:57+00:00","breadcrumb":{"@id":"https:\/\/deliladesign.com\/index.php\/product\/kostum-sportiv\/#breadcrumb"},"inLanguage":"en-US","potentialAction":[{"@type":"ReadAction","target":["https:\/\/deliladesign.com\/index.php\/product\/kostum-sportiv\/"]}]},{"@type":"ImageObject","inLanguage":"en-US","@id":"https:\/\/deliladesign.com\/index.php\/product\/kostum-sportiv\/#primaryimage","url":"https:\/\/deliladesign.com\/wp-content\/uploads\/2024\/10\/IMG_3180.jpeg","contentUrl":"https:\/\/deliladesign.com\/wp-content\/uploads\/2024\/10\/IMG_3180.jpeg","width":1800,"height":2400},{"@type":"BreadcrumbList","@id":"https:\/\/deliladesign.com\/index.php\/product\/kostum-sportiv\/#breadcrumb","itemListElement":[{"@type":"ListItem","position":1,"name":"Home","item":"https:\/\/deliladesign.com\/"},{"@type":"ListItem","position":2,"name":"Shop","item":"https:\/\/deliladesign.com\/index.php\/shop\/"},{"@type":"ListItem","position":3,"name":"Delila Motion Set"}]},{"@type":"WebSite","@id":"https:\/\/deliladesign.com\/#website","url":"https:\/\/deliladesign.com\/","name":"Delila Design","description":"Your dreams come true with us","publisher":{"@id":"https:\/\/deliladesign.com\/#organization"},"potentialAction":[{"@type":"SearchAction","target":{"@type":"EntryPoint","urlTemplate":"https:\/\/deliladesign.com\/?s={search_term_string}"},"query-input":{"@type":"PropertyValueSpecification","valueRequired":true,"valueName":"search_term_string"}}],"inLanguage":"en-US"},{"@type":"Organization","@id":"https:\/\/deliladesign.com\/#organization","name":"Delila Design","url":"https:\/\/deliladesign.com\/","logo":{"@type":"ImageObject","inLanguage":"en-US","@id":"https:\/\/deliladesign.com\/#\/schema\/logo\/image\/","url":"https:\/\/deliladesign.com\/wp-content\/uploads\/2024\/10\/logo-delila.jpg","contentUrl":"https:\/\/deliladesign.com\/wp-content\/uploads\/2024\/10\/logo-delila.jpg","width":547,"height":675,"caption":"Delila Design"},"image":{"@id":"https:\/\/deliladesign.com\/#\/schema\/logo\/image\/"}}]}},"_links":{"self":[{"href":"https:\/\/deliladesign.com\/index.php\/wp-json\/wp\/v2\/product\/20967","targetHints":{"allow":["GET"]}}],"collection":[{"href":"https:\/\/deliladesign.com\/index.php\/wp-json\/wp\/v2\/product"}],"about":[{"href":"https:\/\/deliladesign.com\/index.php\/wp-json\/wp\/v2\/types\/product"}],"replies":[{"embeddable":true,"href":"https:\/\/deliladesign.com\/index.php\/wp-json\/wp\/v2\/comments?post=20967"}],"version-history":[{"count":2,"href":"https:\/\/deliladesign.com\/index.php\/wp-json\/wp\/v2\/product\/20967\/revisions"}],"predecessor-version":[{"id":21892,"href":"https:\/\/deliladesign.com\/index.php\/wp-json\/wp\/v2\/product\/20967\/revisions\/21892"}],"wp:featuredmedia":[{"embeddable":true,"href":"https:\/\/deliladesign.com\/index.php\/wp-json\/wp\/v2\/media\/20971"}],"wp:attachment":[{"href":"https:\/\/deliladesign.com\/index.php\/wp-json\/wp\/v2\/media?parent=20967"}],"wp:term":[{"taxonomy":"product_brand","embeddable":true,"href":"https:\/\/deliladesign.com\/index.php\/wp-json\/wp\/v2\/product_brand?post=20967"},{"taxonomy":"product_cat","embeddable":true,"href":"https:\/\/deliladesign.com\/index.php\/wp-json\/wp\/v2\/product_cat?post=20967"},{"taxonomy":"product_tag","embeddable":true,"href":"https:\/\/deliladesign.com\/index.php\/wp-json\/wp\/v2\/product_tag?post=20967"},{"taxonomy":"location","embeddable":true,"href":"https:\/\/deliladesign.com\/index.php\/wp-json\/wp\/v2\/location?post=20967"}],"curies":[{"name":"wp","href":"https:\/\/api.w.org\/{rel}","templated":true}]}}