{"id":21771,"date":"2025-07-23T20:32:46","date_gmt":"2025-07-23T20:32:46","guid":{"rendered":"https:\/\/deliladesign.com\/?post_type=product&#038;p=21771"},"modified":"2025-10-27T18:59:20","modified_gmt":"2025-10-27T18:59:20","slug":"pantallona-trecerekshe-2","status":"publish","type":"product","link":"https:\/\/deliladesign.com\/index.php\/product\/pantallona-trecerekshe-2\/","title":{"rendered":"Pantallona Tre\u00e7erek\u00ebshe Cappuccino \u2013 ModestFit p\u00ebr Meshkuj"},"content":{"rendered":"","protected":false},"excerpt":{"rendered":"<p>Pantallona Tre\u00e7erek\u00ebshe Cappuccino \u2013 ModestFit p\u00ebr Meshkuj<\/p>\n<p>K\u00ebto pantallona tre\u00e7erek\u00ebshe n\u00eb ngjyr\u00eb bezh\u00eb cappuccino ofrojn\u00eb nj\u00eb kombinim t\u00eb stilit klasik me rehati t\u00eb lart\u00eb. Me model t\u00eb gj\u00ebr\u00eb tek shtati, ato sigurojn\u00eb nj\u00eb p\u00ebrshtatje t\u00eb lir\u00eb dhe elegante, nd\u00ebrsa dizajni ModestFit ruan linjat e rafinuara dhe diskrete.<\/p>\n<p>Xhepat an\u00ebsor\u00eb me kapak shtojn\u00eb funksionalitet dhe nj\u00eb prekje stili, duke i b\u00ebr\u00eb ideale p\u00ebr \u00e7do rast \u2013 nga p\u00ebrdorimi i p\u00ebrditsh\u00ebm deri te eventet m\u00eb casual.<\/p>\n<p>\u2728 Detaje produkti:<\/p>\n<ul>\n<li>Ngjyra: Bezh\u00eb cappuccino<\/li>\n<li>Model: Tre\u00e7erek\u00ebshe me shtat t\u00eb gj\u00ebr\u00eb<\/li>\n<li>Dizajn: ModestFit<\/li>\n<li>Xhepa an\u00ebsor\u00eb me kapak<\/li>\n<li>Rehati dhe stil modest n\u00eb \u00e7do hap<\/li>\n<\/ul>\n<p>Nj\u00eb zgjedhje perfekte p\u00ebr burrat q\u00eb duan t\u00eb kombinojn\u00eb komoditetin me eleganc\u00ebn n\u00eb nj\u00eb veshje praktike dhe t\u00eb rafinuar.<\/p>\n","protected":false},"featured_media":21772,"comment_status":"open","ping_status":"closed","template":"","meta":[],"product_brand":[],"product_cat":[15,170],"product_tag":[],"location":[],"class_list":{"0":"post-21771","1":"product","2":"type-product","3":"status-publish","4":"has-post-thumbnail","6":"product_cat-uncategorized","7":"product_cat-modestfit","8":"ninetheme_product_brands-modestfit","9":"nt-post-class","10":"","16":"first","17":"instock","18":"sale","19":"taxable","20":"shipping-taxable","21":"purchasable","22":"product-type-simple"},"yoast_head":"<!-- This site is optimized with the Yoast SEO plugin v26.2 - https:\/\/yoast.com\/wordpress\/plugins\/seo\/ -->\n<title>Pantallona Tre\u00e7erek\u00ebshe Cappuccino \u2013 ModestFit p\u00ebr Meshkuj - Design by Delilah<\/title>\n<meta name=\"robots\" content=\"index, follow, max-snippet:-1, max-image-preview:large, max-video-preview:-1\" \/>\n<link rel=\"canonical\" href=\"https:\/\/deliladesign.com\/index.php\/product\/pantallona-trecerekshe-2\/\" \/>\n<meta property=\"og:locale\" content=\"en_US\" \/>\n<meta property=\"og:type\" content=\"article\" \/>\n<meta property=\"og:title\" content=\"Pantallona Tre\u00e7erek\u00ebshe Cappuccino \u2013 ModestFit p\u00ebr Meshkuj - Design by Delilah\" \/>\n<meta property=\"og:description\" content=\"Pantallona Tre\u00e7erek\u00ebshe Cappuccino \u2013 ModestFit p\u00ebr Meshkuj  K\u00ebto pantallona tre\u00e7erek\u00ebshe n\u00eb ngjyr\u00eb bezh\u00eb cappuccino ofrojn\u00eb nj\u00eb kombinim t\u00eb stilit klasik me rehati t\u00eb lart\u00eb. Me model t\u00eb gj\u00ebr\u00eb tek shtati, ato sigurojn\u00eb nj\u00eb p\u00ebrshtatje t\u00eb lir\u00eb dhe elegante, nd\u00ebrsa dizajni ModestFit ruan linjat e rafinuara dhe diskrete.  Xhepat an\u00ebsor\u00eb me kapak shtojn\u00eb funksionalitet dhe nj\u00eb prekje stili, duke i b\u00ebr\u00eb ideale p\u00ebr \u00e7do rast \u2013 nga p\u00ebrdorimi i p\u00ebrditsh\u00ebm deri te eventet m\u00eb casual.  \u2728 Detaje produkti:   Ngjyra: Bezh\u00eb cappuccino  Model: Tre\u00e7erek\u00ebshe me shtat t\u00eb gj\u00ebr\u00eb  Dizajn: ModestFit  Xhepa an\u00ebsor\u00eb me kapak  Rehati dhe stil modest n\u00eb \u00e7do hap  Nj\u00eb zgjedhje perfekte p\u00ebr burrat q\u00eb duan t\u00eb kombinojn\u00eb komoditetin me eleganc\u00ebn n\u00eb nj\u00eb veshje praktike dhe t\u00eb rafinuar.\" \/>\n<meta property=\"og:url\" content=\"https:\/\/deliladesign.com\/index.php\/product\/pantallona-trecerekshe-2\/\" \/>\n<meta property=\"og:site_name\" content=\"Design by Delilah\" \/>\n<meta property=\"article:modified_time\" content=\"2025-10-27T18:59:20+00:00\" \/>\n<meta property=\"og:image\" content=\"https:\/\/deliladesign.com\/wp-content\/uploads\/2025\/07\/Photoroom_20250722_231250.jpeg\" \/>\n\t<meta property=\"og:image:width\" content=\"1418\" \/>\n\t<meta property=\"og:image:height\" content=\"1594\" \/>\n\t<meta property=\"og:image:type\" content=\"image\/jpeg\" \/>\n<meta name=\"twitter:card\" content=\"summary_large_image\" \/>\n<meta name=\"twitter:label1\" content=\"Est. reading time\" \/>\n\t<meta name=\"twitter:data1\" content=\"1 minute\" \/>\n<script type=\"application\/ld+json\" class=\"yoast-schema-graph\">{\"@context\":\"https:\/\/schema.org\",\"@graph\":[{\"@type\":\"WebPage\",\"@id\":\"https:\/\/deliladesign.com\/index.php\/product\/pantallona-trecerekshe-2\/\",\"url\":\"https:\/\/deliladesign.com\/index.php\/product\/pantallona-trecerekshe-2\/\",\"name\":\"Pantallona Tre\u00e7erek\u00ebshe Cappuccino \u2013 ModestFit p\u00ebr Meshkuj - Design by Delilah\",\"isPartOf\":{\"@id\":\"https:\/\/deliladesign.com\/#website\"},\"primaryImageOfPage\":{\"@id\":\"https:\/\/deliladesign.com\/index.php\/product\/pantallona-trecerekshe-2\/#primaryimage\"},\"image\":{\"@id\":\"https:\/\/deliladesign.com\/index.php\/product\/pantallona-trecerekshe-2\/#primaryimage\"},\"thumbnailUrl\":\"https:\/\/deliladesign.com\/wp-content\/uploads\/2025\/07\/Photoroom_20250722_231250.jpeg\",\"datePublished\":\"2025-07-23T20:32:46+00:00\",\"dateModified\":\"2025-10-27T18:59:20+00:00\",\"breadcrumb\":{\"@id\":\"https:\/\/deliladesign.com\/index.php\/product\/pantallona-trecerekshe-2\/#breadcrumb\"},\"inLanguage\":\"en-US\",\"potentialAction\":[{\"@type\":\"ReadAction\",\"target\":[\"https:\/\/deliladesign.com\/index.php\/product\/pantallona-trecerekshe-2\/\"]}]},{\"@type\":\"ImageObject\",\"inLanguage\":\"en-US\",\"@id\":\"https:\/\/deliladesign.com\/index.php\/product\/pantallona-trecerekshe-2\/#primaryimage\",\"url\":\"https:\/\/deliladesign.com\/wp-content\/uploads\/2025\/07\/Photoroom_20250722_231250.jpeg\",\"contentUrl\":\"https:\/\/deliladesign.com\/wp-content\/uploads\/2025\/07\/Photoroom_20250722_231250.jpeg\",\"width\":1418,\"height\":1594},{\"@type\":\"BreadcrumbList\",\"@id\":\"https:\/\/deliladesign.com\/index.php\/product\/pantallona-trecerekshe-2\/#breadcrumb\",\"itemListElement\":[{\"@type\":\"ListItem\",\"position\":1,\"name\":\"Home\",\"item\":\"https:\/\/deliladesign.com\/\"},{\"@type\":\"ListItem\",\"position\":2,\"name\":\"Shop\",\"item\":\"https:\/\/deliladesign.com\/index.php\/shop\/\"},{\"@type\":\"ListItem\",\"position\":3,\"name\":\"Pantallona Tre\u00e7erek\u00ebshe Cappuccino \u2013 ModestFit p\u00ebr Meshkuj\"}]},{\"@type\":\"WebSite\",\"@id\":\"https:\/\/deliladesign.com\/#website\",\"url\":\"https:\/\/deliladesign.com\/\",\"name\":\"Delila Design\",\"description\":\"Your dreams come true with us\",\"publisher\":{\"@id\":\"https:\/\/deliladesign.com\/#organization\"},\"potentialAction\":[{\"@type\":\"SearchAction\",\"target\":{\"@type\":\"EntryPoint\",\"urlTemplate\":\"https:\/\/deliladesign.com\/?s={search_term_string}\"},\"query-input\":{\"@type\":\"PropertyValueSpecification\",\"valueRequired\":true,\"valueName\":\"search_term_string\"}}],\"inLanguage\":\"en-US\"},{\"@type\":\"Organization\",\"@id\":\"https:\/\/deliladesign.com\/#organization\",\"name\":\"Delila Design\",\"url\":\"https:\/\/deliladesign.com\/\",\"logo\":{\"@type\":\"ImageObject\",\"inLanguage\":\"en-US\",\"@id\":\"https:\/\/deliladesign.com\/#\/schema\/logo\/image\/\",\"url\":\"https:\/\/deliladesign.com\/wp-content\/uploads\/2024\/10\/logo-delila.jpg\",\"contentUrl\":\"https:\/\/deliladesign.com\/wp-content\/uploads\/2024\/10\/logo-delila.jpg\",\"width\":547,\"height\":675,\"caption\":\"Delila Design\"},\"image\":{\"@id\":\"https:\/\/deliladesign.com\/#\/schema\/logo\/image\/\"}}]}<\/script>\n<!-- \/ Yoast SEO plugin. -->","yoast_head_json":{"title":"Pantallona Tre\u00e7erek\u00ebshe Cappuccino \u2013 ModestFit p\u00ebr Meshkuj - Design by Delilah","robots":{"index":"index","follow":"follow","max-snippet":"max-snippet:-1","max-image-preview":"max-image-preview:large","max-video-preview":"max-video-preview:-1"},"canonical":"https:\/\/deliladesign.com\/index.php\/product\/pantallona-trecerekshe-2\/","og_locale":"en_US","og_type":"article","og_title":"Pantallona Tre\u00e7erek\u00ebshe Cappuccino \u2013 ModestFit p\u00ebr Meshkuj - Design by Delilah","og_description":"Pantallona Tre\u00e7erek\u00ebshe Cappuccino \u2013 ModestFit p\u00ebr Meshkuj  K\u00ebto pantallona tre\u00e7erek\u00ebshe n\u00eb ngjyr\u00eb bezh\u00eb cappuccino ofrojn\u00eb nj\u00eb kombinim t\u00eb stilit klasik me rehati t\u00eb lart\u00eb. Me model t\u00eb gj\u00ebr\u00eb tek shtati, ato sigurojn\u00eb nj\u00eb p\u00ebrshtatje t\u00eb lir\u00eb dhe elegante, nd\u00ebrsa dizajni ModestFit ruan linjat e rafinuara dhe diskrete.  Xhepat an\u00ebsor\u00eb me kapak shtojn\u00eb funksionalitet dhe nj\u00eb prekje stili, duke i b\u00ebr\u00eb ideale p\u00ebr \u00e7do rast \u2013 nga p\u00ebrdorimi i p\u00ebrditsh\u00ebm deri te eventet m\u00eb casual.  \u2728 Detaje produkti:   Ngjyra: Bezh\u00eb cappuccino  Model: Tre\u00e7erek\u00ebshe me shtat t\u00eb gj\u00ebr\u00eb  Dizajn: ModestFit  Xhepa an\u00ebsor\u00eb me kapak  Rehati dhe stil modest n\u00eb \u00e7do hap  Nj\u00eb zgjedhje perfekte p\u00ebr burrat q\u00eb duan t\u00eb kombinojn\u00eb komoditetin me eleganc\u00ebn n\u00eb nj\u00eb veshje praktike dhe t\u00eb rafinuar.","og_url":"https:\/\/deliladesign.com\/index.php\/product\/pantallona-trecerekshe-2\/","og_site_name":"Design by Delilah","article_modified_time":"2025-10-27T18:59:20+00:00","og_image":[{"width":1418,"height":1594,"url":"https:\/\/deliladesign.com\/wp-content\/uploads\/2025\/07\/Photoroom_20250722_231250.jpeg","type":"image\/jpeg"}],"twitter_card":"summary_large_image","twitter_misc":{"Est. reading time":"1 minute"},"schema":{"@context":"https:\/\/schema.org","@graph":[{"@type":"WebPage","@id":"https:\/\/deliladesign.com\/index.php\/product\/pantallona-trecerekshe-2\/","url":"https:\/\/deliladesign.com\/index.php\/product\/pantallona-trecerekshe-2\/","name":"Pantallona Tre\u00e7erek\u00ebshe Cappuccino \u2013 ModestFit p\u00ebr Meshkuj - Design by Delilah","isPartOf":{"@id":"https:\/\/deliladesign.com\/#website"},"primaryImageOfPage":{"@id":"https:\/\/deliladesign.com\/index.php\/product\/pantallona-trecerekshe-2\/#primaryimage"},"image":{"@id":"https:\/\/deliladesign.com\/index.php\/product\/pantallona-trecerekshe-2\/#primaryimage"},"thumbnailUrl":"https:\/\/deliladesign.com\/wp-content\/uploads\/2025\/07\/Photoroom_20250722_231250.jpeg","datePublished":"2025-07-23T20:32:46+00:00","dateModified":"2025-10-27T18:59:20+00:00","breadcrumb":{"@id":"https:\/\/deliladesign.com\/index.php\/product\/pantallona-trecerekshe-2\/#breadcrumb"},"inLanguage":"en-US","potentialAction":[{"@type":"ReadAction","target":["https:\/\/deliladesign.com\/index.php\/product\/pantallona-trecerekshe-2\/"]}]},{"@type":"ImageObject","inLanguage":"en-US","@id":"https:\/\/deliladesign.com\/index.php\/product\/pantallona-trecerekshe-2\/#primaryimage","url":"https:\/\/deliladesign.com\/wp-content\/uploads\/2025\/07\/Photoroom_20250722_231250.jpeg","contentUrl":"https:\/\/deliladesign.com\/wp-content\/uploads\/2025\/07\/Photoroom_20250722_231250.jpeg","width":1418,"height":1594},{"@type":"BreadcrumbList","@id":"https:\/\/deliladesign.com\/index.php\/product\/pantallona-trecerekshe-2\/#breadcrumb","itemListElement":[{"@type":"ListItem","position":1,"name":"Home","item":"https:\/\/deliladesign.com\/"},{"@type":"ListItem","position":2,"name":"Shop","item":"https:\/\/deliladesign.com\/index.php\/shop\/"},{"@type":"ListItem","position":3,"name":"Pantallona Tre\u00e7erek\u00ebshe Cappuccino \u2013 ModestFit p\u00ebr Meshkuj"}]},{"@type":"WebSite","@id":"https:\/\/deliladesign.com\/#website","url":"https:\/\/deliladesign.com\/","name":"Delila Design","description":"Your dreams come true with us","publisher":{"@id":"https:\/\/deliladesign.com\/#organization"},"potentialAction":[{"@type":"SearchAction","target":{"@type":"EntryPoint","urlTemplate":"https:\/\/deliladesign.com\/?s={search_term_string}"},"query-input":{"@type":"PropertyValueSpecification","valueRequired":true,"valueName":"search_term_string"}}],"inLanguage":"en-US"},{"@type":"Organization","@id":"https:\/\/deliladesign.com\/#organization","name":"Delila Design","url":"https:\/\/deliladesign.com\/","logo":{"@type":"ImageObject","inLanguage":"en-US","@id":"https:\/\/deliladesign.com\/#\/schema\/logo\/image\/","url":"https:\/\/deliladesign.com\/wp-content\/uploads\/2024\/10\/logo-delila.jpg","contentUrl":"https:\/\/deliladesign.com\/wp-content\/uploads\/2024\/10\/logo-delila.jpg","width":547,"height":675,"caption":"Delila Design"},"image":{"@id":"https:\/\/deliladesign.com\/#\/schema\/logo\/image\/"}}]}},"_links":{"self":[{"href":"https:\/\/deliladesign.com\/index.php\/wp-json\/wp\/v2\/product\/21771","targetHints":{"allow":["GET"]}}],"collection":[{"href":"https:\/\/deliladesign.com\/index.php\/wp-json\/wp\/v2\/product"}],"about":[{"href":"https:\/\/deliladesign.com\/index.php\/wp-json\/wp\/v2\/types\/product"}],"replies":[{"embeddable":true,"href":"https:\/\/deliladesign.com\/index.php\/wp-json\/wp\/v2\/comments?post=21771"}],"version-history":[{"count":3,"href":"https:\/\/deliladesign.com\/index.php\/wp-json\/wp\/v2\/product\/21771\/revisions"}],"predecessor-version":[{"id":21886,"href":"https:\/\/deliladesign.com\/index.php\/wp-json\/wp\/v2\/product\/21771\/revisions\/21886"}],"wp:featuredmedia":[{"embeddable":true,"href":"https:\/\/deliladesign.com\/index.php\/wp-json\/wp\/v2\/media\/21772"}],"wp:attachment":[{"href":"https:\/\/deliladesign.com\/index.php\/wp-json\/wp\/v2\/media?parent=21771"}],"wp:term":[{"taxonomy":"product_brand","embeddable":true,"href":"https:\/\/deliladesign.com\/index.php\/wp-json\/wp\/v2\/product_brand?post=21771"},{"taxonomy":"product_cat","embeddable":true,"href":"https:\/\/deliladesign.com\/index.php\/wp-json\/wp\/v2\/product_cat?post=21771"},{"taxonomy":"product_tag","embeddable":true,"href":"https:\/\/deliladesign.com\/index.php\/wp-json\/wp\/v2\/product_tag?post=21771"},{"taxonomy":"location","embeddable":true,"href":"https:\/\/deliladesign.com\/index.php\/wp-json\/wp\/v2\/location?post=21771"}],"curies":[{"name":"wp","href":"https:\/\/api.w.org\/{rel}","templated":true}]}}